and 10?
2
What is the highest common divisor of 82 and 451?
41
What is the highest common factor of 371 and 9328?
53
What is the highest common factor of 1443 and 222?
111
What is the highest common divisor of 1118 and 86?
86
What is the greatest common factor of 473 and 22?
11
Calculate the greatest common divisor of 550 and 22.
22
Calculate the highest common factor of 16 and 16712.
8
Calculate the highest common factor of 1687 and 241.
241
Calculate the highest common factor of 315 and 1827.
63
What is the greatest common divisor of 2583 and 21?
21
Calculate the greatest common divisor of 368 and 32.
16
What is the highest common divisor of 1197 and 2527?
133
Calculate the greatest common divisor of 3016 and 208.
104
What is the greatest common divisor of 2988 and 162?
18
Calculate the greatest common factor of 12 and 9.
3
What is the highest common divisor of 2001 and 609?
87
Calculate the greatest common divisor of 909 and 9.
9
What is the highest common divisor of 596 and 8?
4
What is the highest common divisor of 6327 and 2223?
171
Calculate the greatest common divisor of 190 and 70870.
190
What is the greatest common divisor of 18 and 1794?
6
Calculate the greatest common divisor of 576 and 1656.
72
What is the greatest common factor of 204 and 2023?
17
Calculate the greatest common divisor of 3150 and 45.
45
What is the highest common divisor of 600 and 800?
200
What is the highest common divisor of 195 and 2080?
65
What is the highest common factor of 28 and 92?
4
Calculate the highest common factor of 416 and 1408.
32
Calculate the greatest common factor of 134 and 536.
134
What is the highest common factor of 92 and 2668?
92
What is the highest common factor of 3333 and 231?
33
What is the highest common divisor of 828 and 736?
92
What is the greatest common divisor of 2542 and 328?
82
What is the greatest common factor of 17 and 34187?
17
What is the highest common divisor of 296 and 8?
8
Calculate the greatest common divisor of 200 and 90.
10
What is the highest common factor of 207 and 108?
9
Calculate the greatest common divisor of 1400 and 1225.
175
What is the highest common divisor of 5 and 70?
5
What is the greatest common divisor of 1984 and 64?
64
What is the greatest common divisor of 3 and 11352?
3
What is the highest common divisor of 580 and 1972?
116
Calculate the greatest common divisor of 26 and 5187.
13
What is the greatest common divisor of 315 and 1701?
63
Calculate the greatest common divisor of 308 and 132.
44
What is the highest common factor of 37 and 2220?
37
Calculate the highest common factor of 2556 and 324.
36
Calculate the greatest common divisor of 36 and 2520.
36
Calculate the greatest common factor of 9 and 9.
9
What is the highest common factor of 4 and 10364?
4
Calculate the greatest common factor of 170 and 30.
10
What is the greatest common factor of 905 and 20?
5
What is the greatest common factor of 98 and 2072?
14
Calculate the highest common factor of 440 and 40.
40
Calculate the greatest common factor of 740 and 20.
20
Calculate the highest common factor of 343 and 14.
7
What is the greatest common divisor of 549 and 45?
9
Calculate the greatest common factor of 1314 and 18.
18
What is the highest common factor of 6 and 298?
2
Calculate the highest common divisor of 153 and 2421.
9
Calculate the highest common factor of 70 and 270.
10
What is the greatest common divisor of 10 and 15?
5
What is the highest common divisor of 1705 and 440?
55
Calculate the highest common divisor of 1548 and 24.
12
Calculate the highest common factor of 9 and 633.
3
Calculate the greatest common factor of 2872 and 8.
8
What is the greatest common factor of 195 and 1625?
65
What is the highest common divisor of 247 and 351?
13
What is the greatest common factor of 130 and 325?
65
What is the highest common divisor of 225 and 825?
75
Calculate the greatest common factor of 10 and 840.
10
Calculate the highest common divisor of 15 and 550.
5
What is the highest common factor of 117 and 603?
9
What is the highest common factor of 2359 and 56?
7
What is the highest common divisor of 51 and 2533?
17
Calculate the greatest common factor of 11950 and 50.
50
Calculate the highest common divisor of 3 and 375.
3
Calculate the greatest common divisor of 480 and 324.
12
Calculate the highest common divisor of 23 and 46.
23
What is the highest common factor of 21 and 7?
7
Calculate the greatest common factor of 156 and 637.
13
Calculate the highest common factor of 4 and 1444.
4
Calculate the greatest common divisor of 49 and 70.
7
What is the highest common divisor of 2 and 80?
2
Calculate the greatest common factor of 3332 and 56.
28
What is the highest common divisor of 228 and 171?
57
What is the highest common factor of 336 and 624?
48
Calculate the highest common factor of 2276 and 4.
4
What is the highest common factor of 28 and 70?
14
Calculate the greatest common divisor of 542 and 6.
2
What is the highest common factor of 1872 and 676?
52
Calculate the highest common divisor of 16 and 16.
16
What is the highest common divisor of 1368 and 936?
72
What is the greatest common divisor of 65 and 13?
13
What is the highest common factor of 10 and 55?
5
Calculate the highest common factor of 868 and 1240.
124
Calculate the greatest common factor of 904 and 32.
8
What is the greatest common factor of 12 and 504?
12
Calculate the highest common divisor of 34 and 11747.
17
Calculate the greatest common factor of 703 and 19.
19
What is the highest common factor of 41 and 205?
41
What is the highest common divisor of 726 and 66?
66
What is the greatest common divisor of 138 and 506?
46
What is the greatest common factor of 800 and 125?
25
What is the greatest common factor of 4 and 4392?
4
What is the greatest common divisor of 6252 and 12?
12
Calculate the highest common divisor of 28550 and 20.
10
Calculate the highest common factor of 4393 and 138.
23
Calculate the greatest common divisor of 891 and 33.
33
What is the highest common factor of 10541 and 83?
83
What is the greatest common factor of 128 and 4288?
64
What is the greatest common factor of 6 and 684?
6
Calculate the greatest common factor of 33 and 27.
3
Calculate the greatest common divisor of 496 and 16.
16
What is the highest common divisor of 450 and 18?
18
What is the highest common factor of 22 and 12551?
11
What is the greatest common factor of 160 and 5240?
40
What is the greatest common divisor of 8 and 1432?
8
What is the highest common divisor of 289 and 17?
17
Calculate the greatest common divisor of 70 and 266.
14
What is the greatest common divisor of 3979 and 69?
23
What is the highest common factor of 11 and 121?
11
What is the highest common divisor of 231 and 210?
21
What is the greatest common divisor of 1792 and 70?
14
What is the highest common divisor of 20 and 530?
10
Calculate the highest common factor of 40 and 5.
5
Calculate the highest common divisor of 407 and 99.
11
Calculate the highest common divisor of 52 and 65.
13
Calculate the greatest common divisor of 2240 and 210.
70
Calculate the highest common factor of 551 and 38.
19
Calculate the highest common divisor of 224 and 2176.
32
What is the greatest common divisor of 9 and 288?
9
What is the greatest common factor of 437 and 3021?
19
What is the highest common factor of 876 and 12?
12
What is the highest common factor of 135 and 81?
27
What is the greatest common factor of 3562 and 26?
26
Calculate the greatest common divisor of 169 and 1352.
169
Calculate the greatest common factor of 120 and 1020.
60
Calculate the greatest common factor of 264 and 7304.
88
What is the highest common divisor of 205 and 41?
41
Calculate the highest common divisor of 35685 and 234.
117
Calculate the greatest common factor of 329 and 47.
47
Calculate the highest common divisor of 128 and 1248.
32
Calculate the highest common factor of 7 and 371.
7
Calculate the greatest common factor of 11320 and 40.
40
What is the greatest common factor of 40 and 832?
8
What is the greatest common divisor of 50 and 6?
2
Calculate the greatest common divisor of 11676 and 84.
84
Calculate the highest common factor of 378 and 864.
54
Calculate the greatest common factor of 138 and 69.
69
Calculate the highest c